= 4*t + z. Let p = 8 + t. Determine s(p).
-2
Let c(s) = -67*s**3 - s + 41*s**3 + 44*s**3 + s**2. Give c(1).
18
Let r = 6 + -4. Let f(z) = 4 + 0 + 5*z + z**r - 5. Let u(g) = 2*g**2 + 99*g - 376. Let m be u(-53). Calculate f(m).
-1
Suppose 4*i = -2*h - 274, -4*i - 4*h = -5*h + 289. Let l = i - -48. Let x = 20 + l. Let c(o) = o**2 - 4. Give c(x).
5
Let b(v) = -3*v + 1. Let o = -5 - -13. Suppose 4*p = o + 4. Suppose 2*u - 1 = -p. Give b(u).
4
Let n(i) = i**3 + 3*i**2 - 6*i - 8. Let f(d) = d**3 + 2*d**2 - 6*d - 9. Let l(c) = 2*f(c) - 3*n(c). Suppose 0*j = 5*j + 30. Determine l(j).
6
Let i(a) = -8*a - 22. Let x(u) = -8. Let d(o) = i(o) - 3*x(o). Calculate d(-1).
10
Let m(h) = 2*h + 0*h - 2*h - 16*h**2. Suppose 4*a + 3*d = -16, d + d + 3 = 5*a. Calculate m(a).
-16
Let w(u) be the first derivative of -u - 29 + u**2 - 2/3*u**3 - 11/2*u**4. Calculate w(1).
-23
Let p(s) = -s - 11. Let z be p(-5). Suppose 0 = 3*v + 15, 5*v = 5*i - 19 - 16. Let g(f) = -f**3 + 14*f - 6*f**i + 6 - 20*f + 9*f. Calculate g(z).
-12
Let u(x) = x - 1. Let m = 1 + -1. What is u(m)?
-1
Suppose -z - 2 = 2*f - 5, 3*f + 15 = 5*z. Suppose -2*i + 0*i + 3 = -z*n, -2*n = 3*i - 24. Let b(h) = -h**2 + 5*h. Give b(i).
-6
Let j(y) = -1 + y**3 + 17*y**2 - y**2 - 5*y - 9*y**2 + 9*y. Determine j(-6).
11
Let b(r) be the third derivative of r**5/120 + 5*r**4/24 + 3*r**3 + 4*r**2. Let l(g) be the first derivative of b(g). Give l(-8).
-3
Let b(r) = 17*r - 53*r - 4*r**2 + 16*r + 3*r**2 - 8 + 26*r. Give b(8).
-24
Let y(c) = -3*c - 6. Let j(r) = -7*r - 13. Let d(i) = -2*j(i) + 5*y(i). Let h = -1249 - -679. Let u be h/75 + (-3)/(-5). Determine d(u).
3
Suppose -3*o + 1 = -2*u, -5*u - 5*o + 4 + 56 = 0. Suppose -4*h = -5*a + u, -2*h - 9 = -0*a + 3*a. Let q(n) = -n**2 + n. Give q(a).
-2
Let d = 5 - 8. Let z be 3 - (d - (-1 + -2)). Let u(i) be the first derivative of -i**2 - 2*i + 17. What is u(z)?
-8
Let i(r) = r**2 - 11*r - 19. Let d(l) = -l**2 + 45*l + 696. Let b be d(57). Determine i(b).
-7
Suppose -2*z = -6*z - 44. Let k(q) = -q**3 - 12*q**2 - 12*q - 11. Let f be k(z). Let p(m) = -21*m**2 + 0*m**2 + 9 + 22*m**2. Determine p(f).
9
Let g(w) = 3*w - 1. Suppose -46*v + 28 = -74*v. Calculate g(v).
-4
Let j(m) = -7*m**2 - m + 3. Let l(w) = 8*w**2 + w - 3. Let q(r) = -7*j(r) - 6*l(r). What is q(-2)?
-1
Let q = -5 + 10. Let t = 1 - q. Let k(n) = n**2 + 3*n + 2. Calculate k(t).
6
Let p(d) = -d**2 - 6*d - 14. Let w = 435 - 439. Give p(w).
-6
Let i(u) be the first derivative of 3*u**4/4 - u**3/3 + u**2/2 - 707. What is i(0)?
0
Suppose 0 = -2*r - 0*r + r. Let q(u) = -2*u**2 - 5. Let b be q(r). Let t(s) = s**2 + 5*s - 2. Determine t(b).
-2
Suppose 0 = 7*c - 2*c - 15. Let v(g) = -6*g - 2. Let m(p) = -2*p - 1. Let f(l) = -2*m(l) + v(l). Give f(c).
-6
Let i(l) be the second derivative of -l**5/20 - 5*l**4/12 - 7*l**2/2 - 3*l. Let c be (5 - 2 - 2)*-5. Calculate i(c).
-7
Let y be 130/(-4)*296/(-740). Let f(z) = z**3 - 14*z**2 + 11*z + 16. Determine f(y).
-10
Let u be 1*2/2*1. Suppose -z = o - u - 0, -4*o + 10 = z. Let r(k) = -32 + 3*k - k + 18 + 11. What is r(o)?
3
Suppose 397*z = 393*z - 4*r, -12 = -z + 2*r. Let f(u) = u**2 - 8. Give f(z).
8
Let g(l) = 2*l**2 - l + 21. Let t(a) = -5*a**2 - 6*a + 4. Let m(x) = x**2 + x + 1. Let z(y) = -6*m(y) - t(y). Let j(w) = 6*g(w) + 13*z(w). Give j(-4).
4
Let m(w) = -w + 1. Let x(s) be the first derivative of 3*s**2/2 - 3*s + 5. Let n(c) = -11*m(c) - 4*x(c). Give n(4).
-3
Let g(c) = c**3 - 5*c**2 + 6*c - 1. Let p be (-20)/(-150) + 6776/30. Suppose p*b - 230*b = -16. Determine g(b).
7
Let t(z) = -2*z**2 + 4*z + 1. Let y(i) = -i**3 - 12*i**2 + 6*i - 86. Let k be y(-13). Calculate t(k).
-29
Let u(l) be the second derivative of -l**3/6 - l**2 + l - 4. What is u(3)?
-5
Let s(n) = 2*n + 4. Let a(m) = -3*m**2 - 19*m - 4. Let x be a(-6). Give s(x).
8
Let c(i) = 7*i**2 - 4*i - 3. Let b be c(-1). Suppose b*p - 42 = p. Let v(s) = -s**2 + 8*s - 6. Calculate v(p).
6
Let s(z) be the third derivative of -z**6/120 - z**5/6 + z**4/2 + 13*z**3/6 + 83*z**2 - 1. Determine s(-11).
2
Let b(f) be the third derivative of -f**6/120 + f**4/12 - f**3/6 - 4*f**2 - 3. Calculate b(-3).
20
Let x(q) be the third derivative of q**4/24 - 2*q**3/3 - 71*q**2. Calculate x(-6).
-10
Let d(y) be the second derivative of y**5/30 - y**4/6 - 5*y**3/6 - 6*y**2 - 22*y. Let p(h) be the first derivative of d(h). What is p(4)?
11
Let n be (28/(-24))/(1/(-6)). Suppose 72 = v - n*v. Let y(t) = t + 8. Give y(v).
-4
Let i(j) = -151*j**2 + 317*j**2 - j**3 - 163*j**2 + 4*j - 4. Determine i(4).
-4
Let k(i) = -2*i + 2. Let p(s) = -10*s. Let w be p(2). Let d be 2/(-10) - 284/w. Let r = d + -16. Determine k(r).
6
Let u be (-2)/(-8) + 14/8. Let z(n) = 2*n - n**u - n - 6*n + 3. Suppose -4*w = -2*r - 4, -3*r - 5 - 6 = -w. Calculate z(r).
7
Let g(w) be the second derivative of -w**5/20 + 17*w**4/12 - 5*w**3/2 + 3*w**2 + 2*w - 285. Calculate g(16).
22
Let y(k) = -5*k + 7. Let w(v) = 9*v - 13. Let h(a) = 4*w(a) + 7*y(a). Let m be 4/4*(2 + -2). Calculate h(m).
-3
Let l(k) = 5 + 14 + k + 6 - 21. Let t = 79 + -87. Determine l(t).
-4
Let k be (-1)/(1 + (-4)/5). Let i(w) be the third derivative of w**7/5040 + w**6/240 - w**5/30 + w**2. Let b(d) be the third derivative of i(d). Give b(k).
-2
Suppose 3*n + n = -l + 25, 2*l - 5 = n. Let g(i) = 5*i**2 - i + 13. Let b(f) = -6*f**2 + 2*f - 14. Let d(k) = -6*b(k) - 7*g(k). Determine d(l).
-7
Suppose 46 = -3*k - 0*m + 5*m, 5*k = -3*m - 20. Let n = k + 14. Let s(w) = -6*w + 14*w - 7 - n*w. What is s(7)?
0
Let l(t) be the second derivative of -t**4/12 + t**3/2 - t**2/2 + t. Suppose -j + a = -7, 1081 = -4*j - 5*a + 1073. Give l(j).
-1
Suppose -6*w - 46 = -4. Let b(p) = 7*p + p**2 - 4*p**2 + 4*p**2. Give b(w).
0
Let a(k) = k**2 + k - 1. Let r(w) = 9*w**2 + 3*w - 2. Let f(i) = 3*a(i) - r(i). Let p(o) = o**2 + 3*o - 5. Let v be p(-4). What is f(v)?
-7
Let d(f) = f - 1. Let i be -6*(-2)/(-4) - -7. Suppose i - 7 = 3*c. Determine d(c).
-2
Let f(n) = -15*n**2 - 6 + 7*n + 10 + 16*n**2. Give f(-6).
-2
Let x(n) = 15*n - 10*n + 9 - 7*n - 2 + 7. Calculate x(-12).
38
Let y(p) = -2 + 19*p + 11*p + 15*p - 42*p. Determine y(2).
4
Let n(k) = -k**3 + k**2 + k. Let u be n(2). Let l(j) be the third derivative of -j**5/60 - j**4/6 - j**3/3 - 2*j**2. Calculate l(u).
2
Let f(z) = -z - 1. Let m be 2 + 17 + (-2 - 0). Let k(j) = 21 + 18*j**2 + 0*j**3 + j**3 - 18*j - 2*j**3. Let r be k(m). Calculate f(r).
-5
Let i(x) = x**3 + 74*x**2 - 57*x**2 - 23*x**2. Suppose 0 = -2*g - 4, 3*j - 29 + 7 = 2*g. Calculate i(j).
0
Let m(h) = 3 + 2*h**2 + 2*h**3 - 752*h + 752*h. Calculate m(-2).
-5
Suppose 2*r - s = 1, 7 = -0*r - 4*r + 5*s. Let b(d) be the third derivative of 0 - 1/60*d**5 - 1/12*d**4 - 5*d**2 + 0*d + 1/2*d**3. Calculate b(r).
-5
Let d be 45/(-10)*-4*2/18. Suppose d*g - 7 + 19 = 0. Let t(f) = 4*f**2 - 12*f - 9. Let j(u) = 3*u**2 - 11*u - 8. Let n(y) = 5*j(y) - 4*t(y). What is n(g)?
2
Let b be (-2)/(-4)*(7 - 3). Suppose -t + 2*t + b = -5*v, 7 = 3*t + 2*v. Let y(d) = 2*d - 4*d**2 - 3*d**3 - 2 - 6*d + d**t. Determine y(-2).
6
Let q be -2*3/(-18) + 250/(-30). Let a(b) be the third derivative of b**4/24 - b**2. What is a(q)?
-8
Let n(z) = z**3 + 5*z**2 - 5*z - 4. Let m be n(-6). Let w = m - -6. Let g(x) = x**2 + 4*x. Determine g(w).
0
Let n(p) = -2*p - 12. Let q be n(-7). Let u(f) = q + 4 - f - 3. Let d(h) = h**3 - h**2 + h + 4. Let i be d(0). Give u(i).
-1
Let b(t) = -t**2 + t - 2. Let i(y) = y**2 - y + 1. Let v(s) = 3*b(s) + 4*i(s). Let r be -8 + 3 + 3/(-30)*14*-5. Determine v(r).
0
Let x(r) be the second derivative of -r**4/12 - 2*r**3/3 - 2*r**2 + 68*r. What is x(3)?
-25
Let z(i) be the third derivative of i**5/60 + 5*i**4/12 - i**3/3 + 61*i**2 - 2. What is z(-8)?
-18
Suppose 20 = -4*f + 8*f. Let g be -3 + 1 + f + 0 + -2. Let q(i) = -10*i**3 + i**2 - 1. What is q(g)?
-10
Suppose 2*k - 3*n = -5 - 0, 5*k = -5*n - 25. Let g(c) be the third derivative of -c**5/60 - c**4/8 + 5*c**3/6 + 2*c**2. Determine g(k).
1
Let a(r) = -9*r**2 + 60*r + 14. Let b(o) = -8*o**2 + 52*o + 12. Let g(v) = -3*a(v) + 4*b(v). Give g(6).
-6
Let y(q) be the third derivative of q**6/120 - q**5/20 + q**4/12 - q**3/6 - 115*q**2. Determine y(2).
-1
Let t(i) = i**2 - 9*i + 2. Let j be t(9). Let v(k) = -2*k**3 + 10*k - k**j + 3*k**3 + 8*k**2 + 9 - 3*k. Let a = 43 + -49. Wh